8
What is the highest common factor of 429174753 and 389?
389
Calculate the greatest common divisor of 39884880 and 10920.
840
Calculate the highest common factor of 16675 and 6700475.
575
What is the greatest common factor of 131659 and 17831?
11
Calculate the highest common divisor of 681366 and 42.
42
What is the greatest common divisor of 3322 and 1533033238?
3322
What is the greatest common factor of 43188286 and 6062?
866
What is the greatest common factor of 88357 and 36766?
593
Calculate the highest common divisor of 340657821 and 57.
57
What is the highest common factor of 299494397 and 1102?
551
Calculate the greatest common divisor of 1212 and 11806395.
303
What is the highest common factor of 210722781 and 6425?
257
Calculate the highest common factor of 72714 and 446.
2
What is the highest common factor of 476 and 10017539?
119
Calculate the highest common factor of 4300586 and 184.
46
What is the highest common factor of 62899 and 25141?
31
What is the highest common divisor of 14 and 74525094?
14
What is the highest common factor of 52 and 1188382?
26
What is the highest common divisor of 70692 and 293424?
12
Calculate the greatest common factor of 36621 and 3159.
117
Calculate the greatest common divisor of 637 and 534016.
7
What is the highest common factor of 4900201 and 31?
31
What is the highest common factor of 8312 and 50773852?
4156
Calculate the greatest common factor of 45658 and 127102.
1234
Calculate the highest common factor of 824148 and 16497.
351
Calculate the greatest common divisor of 10101 and 9102.
111
Calculate the highest common divisor of 373276292 and 7912.
3956
What is the highest common divisor of 894234 and 23460?
102
Calculate the highest common factor of 60 and 3892310.
10
Calculate the highest common factor of 161070 and 9695.
35
Calculate the greatest common divisor of 40560 and 35728290.
5070
What is the highest common divisor of 195795 and 315?
45
Calculate the greatest common divisor of 25382192 and 413424.
5104
Calculate the greatest common divisor of 1504 and 429180688.
752
What is the highest common divisor of 96 and 1639116?
12
Calculate the greatest common factor of 14048346 and 117.
39
Calculate the greatest common divisor of 21895935 and 41205.
1005
Calculate the greatest common divisor of 99 and 1139247.
9
Calculate the greatest common divisor of 887515473 and 39.
39
Calculate the highest common divisor of 5806457 and 38.
19
What is the greatest common divisor of 268 and 691945180?
268
What is the greatest common factor of 368 and 10668136?
184
What is the highest common divisor of 23450 and 540154?
134
Calculate the greatest common factor of 44935340 and 40.
20
What is the greatest common factor of 7626 and 524334?
186
Calculate the highest common factor of 104 and 6011642.
26
Calculate the greatest common divisor of 2925 and 379275.
975
What is the greatest common divisor of 2121 and 478317?
21
What is the greatest common factor of 105598 and 1064542?
2854
What is the highest common divisor of 228037 and 124043?
163
What is the highest common divisor of 3370 and 59836035?
1685
What is the greatest common factor of 10087 and 9867968?
1441
What is the highest common factor of 24343 and 1082157?
2213
What is the greatest common divisor of 60744993 and 21979?
709
Calculate the greatest common factor of 2815309 and 175.
7
What is the highest common divisor of 42 and 3570258?
6
What is the greatest common divisor of 24345 and 12465?
45
What is the highest common factor of 25662943 and 134?
67
What is the greatest common factor of 3764 and 59693276?
3764
What is the greatest common factor of 26190 and 141210?
270
Calculate the greatest common divisor of 12 and 88218048.
12
What is the greatest common divisor of 380580 and 2424?
12
Calculate the highest common divisor of 650503 and 7504.
469
Calculate the greatest common divisor of 616256 and 3072.
64
Calculate the highest common factor of 75321116 and 364.
52
Calculate the highest common factor of 474 and 99062287.
79
What is the greatest common factor of 128 and 4054400?
128
What is the greatest common factor of 7625384 and 227?
227
Calculate the greatest common factor of 1442455 and 3500.
35
What is the greatest common divisor of 7548 and 4326114?
222
Calculate the highest common factor of 41930251 and 611959.
7373
Calculate the highest common divisor of 240 and 23289180.
60
What is the greatest common factor of 21990657 and 12?
3
What is the greatest common divisor of 7448 and 275044?
532
Calculate the greatest common divisor of 27 and 8530804602.
27
What is the highest common factor of 216 and 15447078?
54
Calculate the highest common divisor of 2715 and 15666455.
905
What is the greatest common factor of 77274 and 26577882?
1458
What is the highest common divisor of 59825 and 31499059?
2393
Calculate the greatest common divisor of 66 and 332266.
22
What is the highest common divisor of 423631599 and 786?
393
What is the greatest common divisor of 11750 and 443803375?
5875
Calculate the highest common divisor of 204 and 211736172.
12
What is the greatest common factor of 188640063 and 18582?
489
What is the greatest common divisor of 57586717 and 137?
137
Calculate the greatest common divisor of 29997417 and 15.
3
Calculate the greatest common divisor of 1460665177 and 51.
17
What is the greatest common divisor of 25074516 and 828?
12
Calculate the highest common divisor of 294 and 444444.
42
Calculate the highest common factor of 43699 and 162603.
89
What is the greatest common factor of 2718 and 37975594?
302
Calculate the highest common factor of 61224 and 120.
24
What is the highest common factor of 162 and 137262654?
54
What is the greatest common divisor of 3170242 and 1124?
562
Calculate the greatest common factor of 200 and 2625080.
40
Calculate the greatest common factor of 46688 and 40.
8
Calculate the greatest common divisor of 1665 and 635055.
15
Calculate the greatest common factor of 15725 and 66709700.
425
Calculate the highest common divisor of 89777 and 187.
17
What is the greatest common factor of 78 and 31198882?
26
Calculate the greatest common divisor of 12 and 145430724.
12
What is the greatest common factor of 1484 and 1477?
7
Calculate the greatest common divisor of 9407 and 166037.
23
Calculate the highest common factor of 650 and 12144350.
50
Calculate the greatest common factor of 776 and 29161304.
776
What is the highest common divisor of 7158769 and 1145?
229
Calculate the greatest common factor of 4109 and 1040683.
7
Calculate the greatest common divisor of 303 and 55278411.
303
Calculate the greatest common factor of 68073443 and 3753.
139
Calculate the highest common factor of 29825 and 1806202.
1193
Calculate the highest common divisor of 1739 and 724599.
47
What is the greatest common factor of 923 and 13511368?
13
Calculate the highest common divisor of 115332360 and 5280.
1320
What is the greatest common divisor of 2356 and 128849330?
62
Calculate the highest common divisor of 27 and 74141091.
9
Calculate the greatest common factor of 8179044 and 65892.
228
Calculate the highest common divisor of 651959 and 847.
77
Calculate the highest common divisor of 578 and 318843874.
578
What is the highest common divisor of 1234665 and 387?
9
What is the highest common factor of 22601 and 359519?
233
What is the greatest common factor of 33006345 and 525?
15
What is the highest common divisor of 1944 and 119431665?
81
Calculate the greatest common factor of 336179 and 3286.
53
What is the highest common factor of 275 and 1357978325?
275
What is the highest common factor of 365994 and 3168?
18
What is the greatest common divisor of 129286 and 11684?
254
Calculate the greatest common divisor of 66596761 and 16366.
1169
What is the highest common divisor of 5292 and 8893206?
2646
Calculate the highest common divisor of 101566 and 1851808.
2362
What is the highest common divisor of 3443 and 9449?
11
What is the greatest common divisor of 1250090 and 108650?
410
What is the highest common factor of 1026020 and 10196516?
7076
What is the greatest common divisor of 542378 and 92296?
278
What is the highest common divisor of 3789375 and 1032?
129
What is the greatest common factor of 64 and 75755744?
32
Calculate th